s the remainder when 4/18 + g/(-18) is divided by h?
13
Calculate the remainder when 44 is divided by 6 - -2*12/8.
8
Suppose -6*c - i = -c - 29, -2*c - 2 = -3*i. Suppose -50 = -3*a + 5*k, -2*k = 4*a - k - 105. What is the remainder when -2 + (a - 0 - 4) is divided by c?
4
Suppose 0 = 3*c - 2*c - 4*o - 39, o + 138 = 5*c. What is the remainder when c is divided by 14?
13
Let r be 423/33 + 6/33. Let o = r + -9. Calculate the remainder when o is divided by 2.
0
Suppose 0 = -x - 2*d + 6, -1 = -2*d + 1. Suppose 2*j - 19 = -x*n + 33, 3*j - 46 = 2*n. Calculate the remainder when 52 is divided by j.
16
Let v(n) = 4*n + 1. Let j be (2/(-5))/(2/(-10)). What is the remainder when -1 + 0 + (-52)/(-2) is divided by v(j)?
7
Suppose -a - 31 = -2*a. What is the remainder when 61 is divided by a?
30
Suppose -5*m - 18 = -148. Suppose -7 = -3*d + m. Calculate the remainder when 31 is divided by d.
9
Let u be ((2 + -3)*-2)/1. Suppose 5*k = u*x - 63, -6*x - 3*k = -5*x - 37. Calculate the remainder when x is divided by -5 + 3 + 2 + 18.
16
Suppose k - 3 = -0*s + s, k + 9 = -5*s. Let d be (s - -1)/(1/(-7)). Suppose q = d + 10. Calculate the remainder when q is divided by 6.
5
Suppose -7*l + 2*l = -q - 251, 4*l - 224 = -5*q. What is the remainder when l is divided by 27?
24
Suppose 5*m = 88 - 733. Let s = m + 185. Let c(d) = d**2 - 2*d - 5. What is the remainder when s is divided by c(6)?
18
Let n = -20 - -25. Suppose 0 = -n*t + y + 36, 0*y = y - 4. Suppose -5*j = 18 - 123. What is the remainder when j is divided by t?
5
Let a = 3 + 2. Calculate the remainder when (a - 4)*29*1 is divided by 8.
5
Let n(p) = 10*p**3 + 3*p**2 - 4*p + 2. What is the remainder when n(1) is divided by 4?
3
Suppose -80 - 28 = -9*l. Calculate the remainder when l is divided by 8.
4
Let k = -33 - -47. What is the remainder when 27 is divided by k?
13
Let u(p) = -p**3 + 10*p**2 - 7*p - 13. What is the remainder when (0 + -9)*(1 - 2) is divided by u(9)?
4
Let u(r) = -9*r + 1. Let h be u(-1). Let o = 6 - h. Calculate the remainder when (-2 + -5)/(o/20) is divided by 18.
17
Suppose c - f = 10 + 16, -3*c = 2*f - 63. Calculate the remainder when 45 is divided by c.
22
Let x(f) be the first derivative of -f**4/4 + 4*f**3 + f**2 + 18*f + 1. What is the remainder when x(12) is divided by ((-3)/6)/((-1)/22)?
9
Suppose b + 74 = 3*w, 0 = 5*b - 2*b + 15. Suppose -2*c = 5*m + 9 - 50, -w = -5*m + 4*c. Calculate the remainder when 20 is divided by m.
6
Let g(j) = -1 + 0 - j + 7. What is the remainder when 32 is divided by g(-5)?
10
Let x be (-2)/(-3)*18 + 0. Let d = -2 + x. Let a(t) = 9*t - 17. Calculate the remainder when a(5) is divided by d.
8
Suppose p + 2*t - 4 + 1 = 0, -2*t + 47 = 5*p. Let z = 2 + 7. Suppose z + 22 = o. What is the remainder when o is divided by p?
9
Let i(g) = -3*g + 5*g**2 - 4*g**2 - 4*g**2 + 5*g**2. What is the remainder when 105 is divided by i(-3)?
24
Let j be 3/6 - 26/4. Suppose -6*p + 18 = -3*p. Let m = p - j. What is the remainder when 34 is divided by m?
10
What is the remainder when 51 is divided by 2/(-14) + 88/28 + 16?
13
Suppose -3*s + 1393 = 295. Let y be s/9 - (-1)/3. Let x = -28 + y. What is the remainder when 24 is divided by x?
11
Let t(f) = f**2 + 8*f - 16. Let v = -5 - -16. Calculate the remainder when t(-12) is divided by v.
10
Let a = 8 - 12. Let s be (a - -2 - 0) + 12. Suppose -i + 3*i - s = 0. What is the remainder when 14 is divided by i?
4
Let c be -2 + ((-55)/(-20) - 3/4). Let n(a) = a**2 - a - 2. Let u be n(-3). Let d = u - c. Calculate the remainder when 17 is divided by d.
7
Let x = 162 + -96. Suppose 4*c = -2*h + x, -58 = 4*h + c - 162. What is the remainder when h is divided by 14?
11
Let d(w) = w**3 + 15*w**2 + 12*w - 21. Calculate the remainder when 19 is divided by d(-14).
5
Let w(h) = h**2 - h + 3. Let z be w(0). Suppose 10 = z*v - 5*q, 0*v - v = 4*q + 8. Suppose -n - n + 8 = v. What is the remainder when 10 is divided by n?
2
Let k = 7 + 30. Suppose -b = -2*z + k, -59 = -3*z - 2*b - 14. Let p = -56 + 105. Calculate the remainder when p is divided by z.
15
Let b(f) = -4*f + 9. What is the remainder when 96 is divided by b(-4)?
21
Suppose 0 = -5*v - 2*d + 129, v - d - 30 = -0*d. Calculate the remainder when v is divided by 7.
6
Calculate the remainder when -3*(-4)/6*(5 - -11) is divided by 18.
14
Let u = 1 + 0. Let j be (u - 1 - 0)*1. Suppose -5 = -y - j*y. Calculate the remainder when y is divided by 2.
1
Suppose -3*l - 126 = -6*l. What is the remainder when (-20)/6*l/(-4) is divided by 12?
11
Suppose 0 = -4*n + 2*l + 38, 0 = 5*n - 3*l - 0*l - 46. Calculate the remainder when 43 is divided by n.
10
What is the remainder when (-36)/(-2) + ((-4)/(-1))/(-4) is divided by 7?
3
Let c(y) = -y**3 - 2*y**2 + 3*y - 4. Let g be c(-4). Calculate the remainder when (14/(-8) - -3)*g is divided by 7.
6
Suppose 6 = z + 2. Suppose 0 = -k + 5*k - 8. Suppose z + k = f. What is the remainder when 17 is divided by f?
5
Suppose 3 = 3*r + 2*i, 0 = 2*r + 2*i + 1 - 3. Calculate the remainder when 27/(-6)*(-2)/3 is divided by r.
0
Suppose 0 = -60*u + 69*u - 153. Suppose 0 = 4*d - 4*r - 52, 2*d = -3*d - 4*r + 38. What is the remainder when u is divided by d?
7
Let c = -52 - -157. Calculate the remainder when c is divided by 36.
33
Let p = 57 + -26. Calculate the remainder when 151 is divided by p.
27
Let z = -35 + 20. Let q = z + 36. What is the remainder when q is divided by 6?
3
Suppose i + 0 = 2. Let k(u) = u**2 + u + 4. Let v be k(0). Suppose -i*g = 5*m + g - 63, m = v*g + 8. What is the remainder when 35 is divided by m?
11
Suppose 0 = -2*b + 7*b + 375. Let m = -50 - b. What is the remainder when 72 is divided by m?
22
Let o(c) = 2*c**2 + 0 - c**2 - 7 - 11*c. Calculate the remainder when 72 is divided by o(13).
15
Let g be -19*(1 + -2) - -1. Let q = -10 + g. Let k(c) = -c**3 - 10*c**2 - 12*c + 11. What is the remainder when k(-9) is divided by q?
8
Suppose 4*s - 89 = -25. Suppose 20 + 72 = 2*w. What is the remainder when w is divided by s?
14
Let i(x) = x**2 + 1. Let h be i(3). Let g = h - 8. Let p = 1 + g. Calculate the remainder when p is divided by 2.
1
Let c be -1 - -4 - 1 - -51. Suppose 4*p = -v + 74, v - 21 = -5*p + c. Calculate the remainder when v is divided by 19.
17
Suppose 0 = 3*w - 6*w + 45. Suppose -3 = -2*n + w. Calculate the remainder when n is divided by 2.
1
Let h = -9 + 22. Let a(g) = g**2 - 6*g + 8. Let l(d) = d**2 - 7*d + 7. Let s(i) = 3*a(i) - 4*l(i). Calculate the remainder when h is divided by s(9).
3
Let f(j) = -j**2 + 5*j - 9. Let k be f(5). Calculate the remainder when 6 is divided by (8/12)/((-3)/k).
0
Let c = -11 + 6. Let g = 9 + c. Suppose k - g*k = -156. Calculate the remainder when k is divided by 18.
16
Suppose -74*j + 29 = -73*j. What is the remainder when j is divided by 6?
5
What is the remainder when (94/(-2))/(4 - (9 - 4)) is divided by 7?
5
What is the remainder when 7/((-7)/(-22)) + -4 is divided by 4/2 + -2 - -10?
8
Suppose 0 = -3*u + 146 - 20. Suppose 2*y - 12 = 10. Calculate the remainder when u is divided by y.
9
Suppose -264 = -4*o - 3*x, 2*x - 263 = -5*o + 74. Calculate the remainder when o is divided by 12.
9
Let f(v) = v**3 + 5*v**2 + 3*v - 3. Calculate the remainder when 14 is divided by f(-3).
2
Suppose 16 = 4*r + 4. Let c(a) = 2*a**2 + 3*a. What is the remainder when c(-3) is divided by r?
0
Let i = -7 - -9. Suppose -h - 5*p + 10 = -4*p, 0 = 4*p. What is the remainder when h is divided by i - (-1 + 3 + -6)?
4
Let u(h) = 6*h**2. Let j be u(-1). Let o = 20 - j. What is the remainder when 40 is divided by o?
12
Suppose 2*h = 2 + 10. Let b = h + -33. Let n = 38 + b. What is the remainder when 20 is divided by n?
9
Suppose 6*g + 0*g = 78. What is the remainder when 35 is divided by g?
9
Let u = -2 - -4. Suppose -4 + u = 2*r, r = c - 20. Calculate the remainder when c is divided by 10.
9
Let z(u) be the second derivative of u**4/12 - u**3/3 - u**2 - 6*u. Calculate the remainder when z(-7) is divided by 16.
13
Suppose -2*t - 12 + 54 = 0. Let n = t + -13. Suppose -3*c + n*c = 125. Calculate the remainder when c is divided by 13.
12
Let o = -109 - -56. Suppose -3*n + 123 = -0*h - 3*h, 0 = -h + 2*n - 45. Let q = h - o. Calculate the remainder when 30 is divided by q.
14
Suppose -3*j + t - 8 + 53 = 0, -2*j + 30 = t. Let c be 2/7 